49292 a multiple of 1524?
True
Is 24 a factor of 2262737762?
False
Is 1100932252 a multiple of 28?
True
Is 55 a factor of 350820800?
True
Does 284 divide 144764456?
True
Does 3889 divide 458425932?
False
Is 118 a factor of 7727466?
True
Does 225 divide 113866200?
True
Is 68 a factor of 7775759?
False
Is 30386615 a multiple of 5?
True
Does 16 divide 351029317?
False
Does 721 divide 36717109?
False
Is 37 a factor of 31283769?
False
Is 22 a factor of 817783824?
True
Does 8 divide 7709459?
False
Is 442088474 a multiple of 529?
True
Does 5 divide 29641146?
False
Does 16 divide 176981460?
False
Is 18875426 a multiple of 5?
False
Is 137 a factor of 195252942?
False
Does 3245 divide 43908095?
True
Does 5 divide 12783706?
False
Is 59 a factor of 300101744?
False
Is 246 a factor of 144486870?
True
Is 426 a factor of 11890156?
False
Is 328 a factor of 3491232?
True
Does 59 divide 1685730123?
True
Does 5569 divide 96644426?
True
Is 128 a factor of 7463881?
False
Does 13 divide 6466421?
True
Is 10033766 a multiple of 12?
False
Is 2212 a factor of 302409156?
True
Is 21795 a multiple of 93?
False
Is 10392512 a multiple of 64?
True
Is 28561626 a multiple of 746?
False
Is 154409547 a multiple of 2127?
False
Does 14 divide 825503210?
True
Is 4302100 a multiple of 50?
True
Is 34 a factor of 476335802?
False
Is 234493588 a multiple of 737?
False
Is 14985799 a multiple of 6?
False
Is 286781296 a multiple of 1564?
True
Is 17 a factor of 1952251?
False
Is 11159361 a multiple of 9?
True
Is 14087 a factor of 10702820?
False
Does 3231 divide 24421627?
False
Is 31026930 a multiple of 184?
False
Does 393 divide 32490096?
True
Is 92810373 a multiple of 3390?
False
Does 28 divide 4358463714?
False
Is 1034377856 a multiple of 32?
True
Does 3503 divide 503962905?
False
Is 17 a factor of 149952692?
False
Is 2910687465 a multiple of 983?
False
Is 3203221 a multiple of 55?
False
Is 1211436719 a multiple of 186?
False
Is 414378480 a multiple of 24?
True
Is 1663 a factor of 238234043?
False
Does 207 divide 13255245?
True
Is 827940 a multiple of 30?
True
Does 6 divide 17100008?
False
Is 43133171 a multiple of 95?
False
Is 11 a factor of 2131611782?
False
Does 12 divide 1405490794?
False
Is 230337455 a multiple of 11?
False
Is 46 a factor of 1800307750?
True
Does 128 divide 356894053?
False
Is 8997330 a multiple of 443?
True
Is 70 a factor of 20715450?
True
Is 48 a factor of 38188176?
True
Is 313 a factor of 51431408?
False
Does 5714 divide 1950685318?
True
Is 1992 a factor of 201460920?
True
Is 202 a factor of 4459528144?
True
Does 65 divide 5054041?
False
Is 64737445 a multiple of 53?
False
Is 5 a factor of 318744157?
False
Is 33523272 a multiple of 29?
False
Is 1331 a factor of 2023504659?
True
Does 1839 divide 48514659?
True
Is 231 a factor of 420400742?
False
Is 3380 a factor of 933691200?
True
Is 967705680 a multiple of 23?
True
Is 2690 a factor of 717759250?
True
Is 634 a factor of 40509430?
True
Is 34582256 a multiple of 503?
True
Is 172070853 a multiple of 3505?
False
Does 43 divide 31341028?
False
Does 40 divide 17120430?
False
Is 4 a factor of 286582017?
False
Is 242136975 a multiple of 66?
False
Is 10 a factor of 61371389?
False
Is 29593702 a multiple of 45?
False
Does 305 divide 259657860?
False
Is 445109300 a multiple of 5350?
True
Is 2996919248 a multiple of 16?
True
Does 2076 divide 94603081?
False
Is 539609820 a multiple of 716?
True
Is 154153222 a multiple of 100?
False
Is 18984038 a multiple of 29?
True
Is 895 a factor of 64586913?
False
Is 81083541 a multiple of 157?
False
Is 120405859 a multiple of 749?
False
Does 549 divide 3220839711?
True
Is 59678593 a multiple of 56?
False
Is 174 a factor of 23406415?
False
Is 614 a factor of 52646059?
False
Is 9 a factor of 1509894468?
True
Is 4311306359 a multiple of 1007?
True
Does 61 divide 350164827?
True
Does 876 divide 12493994?
False
Does 1196 divide 592667036?
True
Is 988581795 a multiple of 5295?
True
Does 1139 divide 96304429?
False
Is 88286088 a multiple of 822?
True
Is 3421 a factor of 331466825?
False
Does 31 divide 94488481?
False
Is 3459140012 a multiple of 12?
False
Is 1199 a factor of 1359390230?
True
Is 515 a factor of 59280015?
False
Is 65 a factor of 45309815?
False
Does 18 divide 81977778?
True
Does 65 divide 23496827?
False
Does 39 divide 102349962?
True
Is 4266955270 a multiple of 292?
False
Is 193756486 a multiple of 11?
True
Does 33 divide 202787541?
True
Is 40 a factor of 137732320?
True
Does 6193 divide 452945230?
False
Does 99 divide 284979698?
False
Is 766 a factor of 84539297?
False
Is 54 a factor of 191600802?
True
Is 10 a factor of 133971760?
True
Does 1454 divide 31352602?
True
Does 254 divide 184981596?
True
Is 2806 a factor of 494612040?
False
Is 68 a factor of 9445404?
True
Is 5 a factor of 42437528?
False
Is 39669732 a multiple of 148?
False
Is 13 a factor of 589904913?
True
Does 12 divide 509973864?
True
Is 43 a factor of 88467625?
False
Is 64 a factor of 4910232?
False
Is 43650504 a multiple of 5?
False
Does 4 divide 6599252?
True
Does 146 divide 10665738?
True
Does 3 divide 625827676?
False
Is 1548 a factor of 54956900?
False
Is 3788659413 a multiple of 1881?
True
Does 15 divide 3514835?
False
Is 1197315000 a multiple of 840?
True
Is 218 a factor of 2201027586?
False
Is 125 a factor of 407765741?
False
Does 26 divide 602411498?
True
Does 106 divide 88505018?
True
Does 30 divide 25673070?
True
Does 134 divide 527717586?
False
Is 571582019 a multiple of 21?
False
Is 39115751 a multiple of 349?
False
Does 616 divide 38455990?
False
Does 322 divide 20801934?
False
Is 212 a factor of 29279532?
True
Is 107 a factor of 8710228?
True
Is 92358044 a multiple of 2863?
False
Is 983 a factor of 140782311?
True
Is 81 a factor of 6957900?
True
Is 151 a factor of 17728648?
False
Is 9556792 a multiple of 28?
True
Is 50452535 a multiple of 7?
True
Does 12 divide 32778324?
True
Is 11 a factor of 1137927?
False
Does 5118 divide 720906126?
True
Is 2886 a factor of 385348669?
False
Is 287 a factor of 41785191?
True
Does 1058 divide 1682776542?
False
Is 2523 a factor of 141656358?
True
Is 3356 a factor of 5336175901?
False
Is 400498948 a multiple of 76?
True
Is 16421925 a multiple of 32?
False
Does 17 divide 377102511?
False
Is 5120 a factor of 829921280?
True
Is 15093876 a multiple of 548?
False
Is 20 a factor of 297513920?
True
Is 258 a factor of 5251773614?
False
Is 11 a factor of 13437039?
True
Is 10123806 a multiple of 11?
True
Is 11609861 a multiple of 17?
True
Does 18 divide 30664008?
True
Does 383 divide 630719388?
False
Is 25298700 a multiple of 700?
True
Is 536870166 a multiple of 3688?
False
Is 179213620 a multiple of 145?
True
Is 163913540 a multiple of 14?
True
Is 95638115 a multiple of 99?
False
Is 1125 a factor of 82554750?
True
Is 51 a factor of 254977968?
True
Does 57 divide 98802422?
False
Is 834592801 a multiple of 5677?
True
Is 5 a factor of 401693234?
False
Is 15 a factor of 40815179?
False
Does 357 divide 179397498?
True
Is 106702952 a multiple of 3964?
True
Is 50891573 a multiple of 12?
False
Is 2053846925 a multiple of 85?
True
Is 60672902 a multiple of 332?
False
Is 91 a factor of 662821250?
True
Does 186 divide 19685496?
True
Does 133 divide 185950857?
False
Does 294 divide 23060062?
False
Does 733 divide 2963204543?
True
Does 2072 divide 113506232?
True
Is 6613 a factor of 480897360?
True
Is 40940130 a multiple of 222?
True
Does 5002 divide 72657678?
False
Is 146 a factor of 37456149?
False
Is 10 a factor of 22192860?
True
Is 900 a factor of 135141866?
False
Does 2721 divide 11350076?
False
Is 22665629 a multiple of 640?
False
Does 3018 divide 442777298?
False
Is 32360328 a multiple of 1144?
True
Is 21 a factor of 3874052196?
True
Does 579 divide 9392091?
False
Does 189 divide 168017598?
True
Is 32 a factor of 544480092?
False
Is 67573848 a multiple of 12?
True
Does 16 divide 1023762349?
False
Is 10754761 a multiple of 22?
False
Is 2248076687 a multiple of 796?
False
Is 29176356 a multiple of 20?
False
Does 2060 divide 36861640?
True
Does 183 divide 52477446?
True
Is 1495659813 a multiple of 3811?
False
Is 33427369 a multiple of 2995?
False
Is 19322838 a multiple of 80?
False
Does 1934 divide 1952871972?
True
Does 1767 divide 367574583?
False
Is 42 a factor of 34813294?
Fals